common divisor of 51014 and 299?
23
Calculate the greatest common factor of 1078902 and 396.
198
What is the greatest common factor of 17120 and 5?
5
Calculate the highest common divisor of 31 and 44733.
31
What is the highest common factor of 2144 and 800?
32
Calculate the highest common divisor of 1100 and 20416.
44
Calculate the greatest common factor of 1265 and 1067.
11
What is the greatest common divisor of 6 and 735615?
3
What is the highest common factor of 36 and 186240?
12
What is the highest common factor of 10880 and 595?
85
What is the greatest common factor of 267124 and 3718?
286
What is the greatest common divisor of 1348 and 85261?
337
Calculate the highest common divisor of 69800 and 3141.
349
What is the highest common divisor of 1165 and 145?
5
Calculate the greatest common factor of 272 and 75004.
68
What is the highest common divisor of 5097595 and 2570?
1285
What is the greatest common factor of 16 and 63464?
8
What is the greatest common divisor of 8 and 106?
2
Calculate the highest common factor of 224385 and 21.
21
Calculate the highest common factor of 52 and 102830.
26
What is the highest common divisor of 6 and 24297?
3
Calculate the highest common divisor of 1332 and 1924407.
333
What is the greatest common divisor of 1010 and 1803355?
505
What is the highest common divisor of 4005 and 15575?
445
Calculate the highest common factor of 16784 and 32.
16
What is the highest common divisor of 434 and 94395?
217
Calculate the highest common factor of 22 and 54373.
11
Calculate the greatest common divisor of 13796 and 32.
4
Calculate the highest common factor of 85305 and 141.
141
What is the greatest common divisor of 117 and 24687?
117
What is the highest common divisor of 24 and 65976?
24
Calculate the highest common factor of 9128 and 627224.
1304
Calculate the highest common divisor of 2280 and 76104.
24
Calculate the highest common factor of 11477 and 161.
23
What is the highest common divisor of 190930 and 122?
122
Calculate the greatest common divisor of 1275 and 42675.
75
Calculate the highest common divisor of 6656 and 936.
104
What is the greatest common factor of 50172 and 28194?
222
Calculate the greatest common divisor of 595 and 58055.
85
Calculate the highest common divisor of 696 and 18618.
174
What is the highest common factor of 68 and 989468?
68
What is the greatest common divisor of 1204 and 1161?
43
What is the highest common factor of 4452 and 85860?
636
What is the highest common factor of 125370 and 3184?
398
What is the highest common divisor of 936 and 91312?
104
Calculate the highest common divisor of 22154 and 3476.
22
Calculate the greatest common divisor of 161080 and 340.
20
Calculate the greatest common factor of 209 and 4917.
11
What is the greatest common divisor of 3006 and 2286?
18
What is the greatest common divisor of 962 and 234?
26
Calculate the greatest common factor of 31032 and 216.
72
What is the greatest common factor of 85459 and 11781?
187
Calculate the greatest common factor of 540234 and 27.
9
Calculate the greatest common factor of 67970 and 1890.
70
What is the greatest common divisor of 66376 and 32?
8
What is the greatest common factor of 141 and 128451?
141
What is the highest common divisor of 21091 and 161?
161
Calculate the greatest common factor of 122260 and 20.
20
What is the highest common factor of 243914 and 77?
11
Calculate the greatest common divisor of 6273 and 25789.
697
Calculate the highest common divisor of 180743 and 122.
61
What is the greatest common factor of 6358 and 44?
22
Calculate the greatest common divisor of 4386057 and 246.
123
What is the highest common factor of 95020 and 320?
20
What is the greatest common factor of 38 and 7880478?
38
What is the highest common factor of 28 and 4676798?
14
Calculate the greatest common factor of 218943 and 1908.
477
What is the greatest common divisor of 121888 and 592?
16
Calculate the highest common factor of 283 and 2563697.
283
What is the greatest common factor of 1073 and 4921?
37
Calculate the greatest common factor of 9360 and 4491.
9
What is the highest common factor of 45391 and 95?
19
What is the highest common divisor of 6 and 301998?
6
What is the greatest common divisor of 199 and 17910?
199
Calculate the highest common factor of 82616 and 1564.
92
What is the greatest common divisor of 162 and 41121?
27
Calculate the highest common factor of 10 and 948370.
10
What is the highest common factor of 31432 and 536?
8
What is the highest common factor of 75 and 2400?
75
Calculate the greatest common divisor of 16133 and 207831.
949
What is the greatest common divisor of 108 and 45840?
12
What is the highest common factor of 140 and 288?
4
What is the highest common factor of 11319 and 3479?
49
Calculate the greatest common divisor of 1794792 and 424.
424
Calculate the greatest common divisor of 43 and 445652.
43
Calculate the highest common factor of 38 and 72466.
38
What is the highest common factor of 48125 and 110495?
385
What is the highest common factor of 190 and 140980?
190
Calculate the highest common divisor of 2290731 and 207.
69
Calculate the highest common divisor of 14014 and 1584.
22
What is the greatest common divisor of 5 and 10721?
1
Calculate the greatest common divisor of 40 and 102285.
5
What is the greatest common divisor of 4855682 and 130?
26
Calculate the highest common divisor of 74050 and 725.
25
Calculate the highest common factor of 55572 and 396.
132
What is the highest common divisor of 325375 and 625?
125
What is the highest common factor of 63 and 4090674?
21
What is the highest common factor of 36080 and 123?
41
What is the greatest common factor of 288 and 34308?
36
Calculate the greatest common divisor of 675 and 2547225.
225
Calculate the greatest common factor of 216657 and 513.
171
Calculate the greatest common divisor of 43 and 25843.
43
What is the greatest common divisor of 21636 and 648?
36
What is the greatest common divisor of 260241 and 43179?
1167
Calculate the highest common divisor of 4 and 457918.
2
What is the greatest common factor of 131526 and 126?
18
What is the highest common divisor of 342 and 153558?
342
What is the greatest common divisor of 1971 and 10293?
219
Calculate the greatest common divisor of 198231 and 99.
33
What is the greatest common factor of 57567 and 279?
93
Calculate the highest common divisor of 1670 and 23881.
167
What is the highest common divisor of 2166 and 1976?
38
Calculate the greatest common divisor of 402 and 1698.
6
What is the highest common factor of 3028207 and 749?
749
What is the highest common factor of 80 and 45960?
40
What is the greatest common factor of 124 and 4100?
4
What is the highest common factor of 625 and 9760?
5
What is the highest common factor of 15 and 3474195?
15
What is the greatest common factor of 9019 and 145?
29
What is the greatest common divisor of 520 and 157456?
104
Calculate the highest common factor of 72284 and 2788.
68
Calculate the greatest common factor of 12165 and 15.
15
What is the greatest common factor of 49 and 6286?
7
Calculate the highest common divisor of 68240 and 160.
80
Calculate the greatest common factor of 4471 and 2367.
263
Calculate the greatest common factor of 27 and 72717.
3
What is the greatest common divisor of 3740302 and 114?
38
What is the highest common factor of 11484 and 23316?
348
Calculate the greatest common factor of 1055 and 9073.
211
Calculate the highest common divisor of 221843 and 815.
163
Calculate the highest common factor of 1333 and 9579.
31
Calculate the highest common divisor of 21 and 2992059.
21
What is the greatest common factor of 6295838 and 94?
94
Calculate the greatest common factor of 22 and 1130.
2
Calculate the greatest common divisor of 673 and 2973987.
673
Calculate the highest common factor of 57216 and 4672.
64
Calculate the highest common factor of 1082829 and 418.
209
What is the greatest common factor of 1407 and 5514971?
469
Calculate the highest common factor of 1792 and 2660.
28
What is the greatest common factor of 11514 and 228?
114
What is the highest common factor of 43287 and 188?
47
What is the highest common divisor of 956 and 204?
4
What is the greatest common divisor of 4860 and 620?
20
What is t